{"id":693,"date":"2018-01-12T22:50:53","date_gmt":"2018-01-12T21:50:53","guid":{"rendered":"http:\/\/preview-rundumhund.72336.aweb.preview-site.ch\/?page_id=693"},"modified":"2018-11-25T16:27:53","modified_gmt":"2018-11-25T15:27:53","slug":"allgemeine-bestimmungen","status":"publish","type":"page","link":"https:\/\/rundumhund.ch\/?page_id=693","title":{"rendered":"Allgemeine Bestimmungen Hundehotel"},"content":{"rendered":"<p><span style=\"font-size: 20px;\"><strong><span style=\"font-family: arial, helvetica, sans-serif;\">Allgemeine Bestimmungen<\/span><\/strong><\/span><\/p>\n<p><span style=\"font-family: arial, helvetica, sans-serif; font-size: 18px;\"><strong>Reservationen<\/strong><\/span><\/p>\n<p><span style=\"font-family: arial, helvetica, sans-serif; font-size: 18px;\">Alle vorgenommen Reservationen betrachten wir als verbindlichen Auftrag. Reservationen per Telefon Montag &#8211; Freitag 10.00 &#8211; 12.00 und 14.00 &#8211; 16.00 Uhr. (031 964 00 64).<\/span><\/p>\n<p><span style=\"font-family: arial, helvetica, sans-serif; font-size: 18px;\"><strong><br \/>\n\u00dcbergabezeiten<\/strong><\/span><\/p>\n<p><span style=\"font-family: arial, helvetica, sans-serif; font-size: 18px;\">Ein- und Austritte Montag \u2013 Samstag:\u00a0\u00a0\u00a0 8.00 &#8211; 10.00 und 16.00 &#8211; 18.30 Uhr.<\/span><\/p>\n<p><span style=\"font-family: arial, helvetica, sans-serif; font-size: 18px;\">Wir nehmen ihren Hund nach Absprache von Montag &#8211; Samstag zwischen 8.00 &#8211; 10.00 und zwischen 16.00 &#8211; 18.30 Uhr in Empfang. (Abholen in Ausnahmef\u00e4llen gegen Aufpreis, nach Absprache auch am Sonntag m\u00f6glich!)<\/span><\/p>\n<p><span style=\"font-family: arial, helvetica, sans-serif; font-size: 18px;\">Bitte geben Sie Bescheid, wenn Sie ihren Hund nicht zum vereinbarten Termin abholen k\u00f6nnen.<br \/>\n<\/span><br \/>\n<span style=\"font-family: arial, helvetica, sans-serif; font-size: 18px;\"> <strong>Annullation <\/strong><\/span><\/p>\n<p><span style=\"font-family: arial, helvetica, sans-serif; font-size: 18px;\">Falls ihr Hund seine Ferien nicht bei uns verbringen darf, bitten wir um eine <u>Annullation mindestens 7 Tage zum voraus<\/u>. Erfolgt die Annulation weniger als 7 Tage vor dem vorgesehenen Termin, oder bei Nichter\u00adscheinen, werden die reservierten Tage in Rechnung gestellt.<\/span><\/p>\n<p><span style=\"font-family: arial, helvetica, sans-serif; font-size: 18px;\"><strong>Impfungen<br \/>\n<\/strong><\/span><\/p>\n<p><span style=\"font-family: arial, helvetica, sans-serif; font-size: 18px;\">Der Hund muss nach tier\u00e4rztlicher Empfehlung <strong><u>geimpft <\/u><\/strong>sein (Staupe, Hepatitis, Leptospirose, Parvovirose und Zwingerhusten = Kombinierte Impfung). Die <u>Impfung muss mind. 3 Wochen alt<\/u> sein. Bitte Hundepass oder Impfzeugnis mitbringen. Der Hund soll zu seinem Schutz gegen Zecken und Fl\u00f6he behandelt sein.<\/span><\/p>\n<p><span style=\"font-family: arial, helvetica, sans-serif; font-size: 18px;\"><strong><br \/>\nF\u00fctterung <\/strong><\/span><\/p>\n<p><span style=\"font-family: arial, helvetica, sans-serif; font-size: 18px;\">Die F\u00fctterung erfolgt <u>ein- bis dreimal t\u00e4glich<\/u>. Morgens, mittags und abends aus unserem Futter-Sortiment. Daneben gibt es Leckerlis und abends noch ein Bettm\u00fcmpfeli. Gerne verf\u00fcttern wir aber auch ihr eigenes Hundefutter (bitte mitbringen).<\/span><\/p>\n<p><span style=\"font-family: arial, helvetica, sans-serif; font-size: 18px;\"><strong>Krankheit, Verletzung, Unfall <\/strong><\/span><\/p>\n<p><span style=\"font-family: arial, helvetica, sans-serif; font-size: 18px;\">Zeigt das Tier Anzeichen einer Erkrankung oder ist verletzt, ist das Rund um Hund-Team erm\u00e4chtigt, einen Tierarzt beizuziehen. Die Behandlungskosten gehen zu Lasten des Eigent\u00fcmers.<\/span><\/p>\n<p><span style=\"font-family: arial, helvetica, sans-serif; font-size: 18px;\"><strong>Versicherung<\/strong><\/span><\/p>\n<p><span style=\"font-family: arial, helvetica, sans-serif; font-size: 18px;\">Wir setzen voraus, dass Sie eine Haftpflichtversicherung mit Deckung \u201eHund\u201c abgeschlossen haben. Sollte der Hund trotz Sorgfaltspflicht unsererseits entlaufen und Sch\u00e4den bei Drittpersonen entstehen, wird die Haftung unsererseits abgelehnt.<\/span><\/p>\n<p><span style=\"font-family: arial, helvetica, sans-serif; font-size: 18px;\"><strong>L\u00e4ufigkeit <\/strong><\/span><\/p>\n<p><span style=\"font-family: arial, helvetica, sans-serif; font-size: 18px;\">H\u00fcndinnen die nicht kastriert sind, k\u00f6nnen w\u00e4hrend der L\u00e4ufigkeit nicht angenommen werden. Wird eine H\u00fcndin w\u00e4hrend der Ferienzeit l\u00e4ufig, wird ein Mehraufwand pro Tag in Rechnung gestellt.<\/span><\/p>\n<p><span style=\"font-family: arial, helvetica, sans-serif; font-size: 18px;\"><strong>Abholung <\/strong><\/span><\/p>\n<p><span style=\"font-family: arial, helvetica, sans-serif; font-size: 18px;\">Ohne Benachrichtigung innerhalb 10 Tagen nach urspr\u00fcnglich vereinbartem Abholtermin, gilt die Annahme, der Eigent\u00fcmer habe den Eigentumsanspruch an seinen Hund entsch\u00e4digungslos aufgegeben. Auflaufende Kosten werden in jedem Falle in Rechnung gestellt.<\/span><\/p>\n<p>&nbsp;<\/p>\n<p><span style=\"font-family: arial, helvetica, sans-serif; font-size: 18px;\"><strong>Mitbringen <\/strong><\/span><\/p>\n<ul>\n<li><span style=\"font-family: arial, helvetica, sans-serif; font-size: 18px;\">Impfausweis oder Heimtierpass<\/span><\/li>\n<li><span style=\"font-family: arial, helvetica, sans-serif; font-size: 18px;\">Eine gebrauchte Decke Ihres Hundes, damit k\u00f6nnen wir ihm sein Nachtlager angenehm und vertraut gestalten. Es darf ruhig ein alter Artikel sein, der Geruch ist wichtig. Es sind Liegeschalen vorhan\u00adden. Durch den Freiraum den die Hunde geniessen, m\u00fcssen wir die Haftung bei allen mitgegebenen Sachen ablehnen.<\/span><\/li>\n<li><span style=\"font-family: arial, helvetica, sans-serif; font-size: 18px;\">Medikamente oder sonstige Mittel, welche Ihr Hund ben\u00f6tigt \u2013 in ausreichender Menge f\u00fcr die Pensi\u00adonsdauer.<\/span><\/li>\n<\/ul>\n<p>&nbsp;<\/p>\n<p><span style=\"font-family: arial, helvetica, sans-serif;\">Fr\u00e4schels, Januar 2018<\/span><\/p>\n","protected":false},"excerpt":{"rendered":"<p>Allgemeine Bestimmungen Reservationen Alle vorgenommen Reservationen betrachten wir als verbindlichen Auftrag. Reservationen per Telefon Montag &#8211; Freitag 10.00 &#8211; 12.00 und 14.00 &#8211; 16.00 Uhr. (031 964 00 64). \u00dcbergabezeiten Ein- und Austritte Montag \u2013 Samstag:\u00a0\u00a0\u00a0 8.00 &#8211; 10.00 und 16.00 &#8211; 18.30 Uhr. Wir nehmen ihren Hund nach Absprache von Montag &#8211; Samstag zwischen<\/p>\n","protected":false},"author":3,"featured_media":0,"parent":0,"menu_order":0,"comment_status":"closed","ping_status":"closed","template":"","meta":{"_mi_skip_tracking":false,"footnotes":""},"class_list":["post-693","page","type-page","status-publish","hentry"],"_links":{"self":[{"href":"https:\/\/rundumhund.ch\/index.php?rest_route=\/wp\/v2\/pages\/693","targetHints":{"allow":["GET"]}}],"collection":[{"href":"https:\/\/rundumhund.ch\/index.php?rest_route=\/wp\/v2\/pages"}],"about":[{"href":"https:\/\/rundumhund.ch\/index.php?rest_route=\/wp\/v2\/types\/page"}],"author":[{"embeddable":true,"href":"https:\/\/rundumhund.ch\/index.php?rest_route=\/wp\/v2\/users\/3"}],"replies":[{"embeddable":true,"href":"https:\/\/rundumhund.ch\/index.php?rest_route=%2Fwp%2Fv2%2Fcomments&post=693"}],"version-history":[{"count":17,"href":"https:\/\/rundumhund.ch\/index.php?rest_route=\/wp\/v2\/pages\/693\/revisions"}],"predecessor-version":[{"id":1554,"href":"https:\/\/rundumhund.ch\/index.php?rest_route=\/wp\/v2\/pages\/693\/revisions\/1554"}],"wp:attachment":[{"href":"https:\/\/rundumhund.ch\/index.php?rest_route=%2Fwp%2Fv2%2Fmedia&parent=693"}],"curies":[{"name":"wp","href":"https:\/\/api.w.org\/{rel}","templated":true}]}}